digit of w?
9
What is the thousands digit of (11/(88/(-12)))/((-6)/4856)?
1
Suppose -3000 = -3*c + 5*n, -891 + 4891 = 4*c - 4*n. What is the units digit of c?
0
Suppose 0 = 3*v + 3*l - 153, -3*v + 246 = 2*v + 2*l. Suppose v = -4*w - 3*c, -3 = -c + 1. Let b = 16 + w. What is the units digit of b?
1
Let s = -2 - -3. Suppose 0 = 5*i - 6*i + s. Suppose -3*a + 21 + i = j, 3 = -3*a. What is the tens digit of j?
2
Suppose 3*v - 6*v = -18. Let o be ((-2)/v)/(1/(-474)). What is the tens digit of 10/40 - o/(-8)?
2
Suppose -427 = -29*b + 24*b - p, 8 = 4*p. What is the units digit of b?
5
Let g be 5 - 0*(-3)/12. Suppose -2*p + 2 = -4*t - 12, -20 = -g*p - 5*t. Suppose -2*m = 5*r + 21, p*m = 3*r - 6*r - 5. What is the units digit of m?
2
Let s = -9 + -2. Let w = 50 - s. What is the tens digit of w?
6
What is the units digit of (-132)/165 - (-54956)/20*1?
7
Let i(c) = 2*c**2 - 4*c - 34. Suppose -8*o - 85 = -5*r - 13*o, -2*r + 29 = o. What is the tens digit of i(r)?
0
Let s = 29 + -26. Let a(h) = -1 + 0 - 5 - 8*h + s*h. What is the units digit of a(-3)?
9
Suppose -2*n + 69 = -5*d + n, -3*d + 3*n = 45. Let f = d + 21. What is the units digit of (-4)/(-12)*f*1?
3
Let k be -2 + 9 + (0 - 2). Let b(y) = -2*y**2 + 2*y + 10. Let j be b(k). Let r = j - -66. What is the tens digit of r?
3
What is the units digit of ((-247)/(-65))/(7/1365)?
1
Let c be (-34)/(-5)*(-300)/2. Let y be (6/(-8))/((-15)/c). Let a = -21 - y. What is the tens digit of a?
3
Let y(a) = a**3 - 7*a**2 + 8*a + 1. Let n(f) = f + 4. Let l(z) = -1. Let d(r) = -6*l(r) - n(r). Let t be d(-4). What is the tens digit of y(t)?
1
Let m(k) = -119*k**3 + k**2 - k - 1. Let z be m(-1). Let s be -5*1*z/100. What is the units digit of ((-56)/s)/(6/9)?
4
Suppose 39*u = 37*u + 782. What is the tens digit of u?
9
Let a = 37 - 8. Let b be 246/(-10) - (-18)/30. Let w = b + a. What is the units digit of w?
5
What is the units digit of (79265/55 - 15) + 2/(-11)?
6
Suppose o + 5*p = 23, 4*p = 4*o + 2 + 2. Let m(d) = 3*d**3 - 3*d**2 + d - 9. What is the units digit of m(o)?
8
Let k be 18/((-4)/(-6) + (-50)/84). Suppose 0*i + 9*i = k. What is the units digit of i?
8
Suppose -24 = -y - 2*w, -3*w + 11 + 1 = 0. What is the tens digit of y?
1
Let s(d) = d**2 + d - 4. Let o(i) = -i**3 - 11*i**2 - 9*i + 6. Suppose -c + 4*c = -30. Let u be o(c). What is the units digit of s(u)?
8
Suppose -17*c + 12 = -14*c. Suppose -3*z - 5*j = -197, -c*j = -2*z + 136 + 10. What is the units digit of z?
9
Suppose 361 = -4*j - 5*x, 0*x - 2*x + 288 = -3*j. Let r = -37 - j. What is the tens digit of r?
5
Let p be (2 + (-14)/(-4))/(10/20). What is the hundreds digit of 4*2/44 + 1362/p?
1
Suppose -116998 = -99*p + 411365. What is the tens digit of p?
3
Suppose 646 + 1009 = -5*b - 3*a, 5*b + a + 1655 = 0. Let l = 551 + b. What is the units digit of (-2)/(-11) - l/(-121)?
2
Let v(t) = -t**3 + 8*t**2 - 8*t + 8. Suppose -a + z = -z + 28, -z = -4*a - 147. Let i = a - -44. What is the tens digit of v(i)?
3
Let a = -4945 - -8737. What is the units digit of (1 - a/(-90)) + 2/(-15)?
3
Let q(g) be the second derivative of g**4/6 + 7*g**3/6 + g**2/2 - 18*g. What is the units digit of q(-5)?
6
Let p(h) be the second derivative of 25*h**4/4 - h**3/2 - h**2/2 - 4*h. What is the units digit of p(-1)?
7
Let l(z) be the third derivative of 5*z**4/8 + 11*z**3/6 - 11*z**2. What is the units digit of l(5)?
6
Suppose -3*k - k + 8 = 0. Let h(p) = -28*p**2 + 17*p + 13. Let t(u) = 7*u**2 - 4*u - 3. Let x(g) = 6*h(g) + 26*t(g). What is the units digit of x(k)?
2
What is the tens digit of 306/(-153) - (0 + -722)?
2
Let v(t) = -5*t + 18. Suppose 0 = 5*o - 3*l + 38 - 17, 3*o + 4*l + 30 = 0. What is the tens digit of v(o)?
4
Suppose -t = 4*u + 8, 3*u = -2*u - t - 9. Let w be (-1 + u + 0)*6. Let j = w + 17. What is the units digit of j?
5
Let o(m) = 2*m - 3. Let t be -1*(0 + 3)/(-1). Let s be o(t). Suppose -4*v + 2*j + 58 = 0, 0 = s*j + 5 - 20. What is the tens digit of v?
1
Suppose n + 41 = -n - 3*s, 5*n - s = -111. What is the tens digit of n*(-2 + 21/(-6))?
2
Suppose 18*k - 4792 = 10*k. What is the units digit of k?
9
Let j = -6900 - -10279. What is the thousands digit of j?
3
Let q(a) = -a**2 + 12*a - 6. Let i be 2/((-104)/28 - -4). What is the tens digit of q(i)?
2
Let p(z) = 1. Let l(m) = 3*m + 5. Let v(g) = 5*l(g) - 20*p(g). Let n be v(5). Suppose -j = 3*j - n. What is the units digit of j?
0
Let p(q) = q + 4. Let s be p(-2). Suppose -x + 5*x + 16 = 0, -4*x - 18 = -s*n. Let v(t) = 40*t**2 + t. What is the tens digit of v(n)?
4
Let r be (-2)/4*(1 + -27). Suppose 0 = 4*o - r + 1. Suppose 0 = -o*p + 2*v + 38, -5*p + 80 - 16 = -4*v. What is the units digit of p?
2
Suppose -2*u - 60 = 4*v - 706, 5*u = -4*v + 1591. What is the units digit of u?
5
Let t be (-96)/(-9) - 2/3. Suppose -5*o + 10 = 0, 0 = -p + 2*o + 3*o - t. Suppose -v - 5*v + 60 = p. What is the tens digit of v?
1
Suppose 3*t - t - 520 = 0. Let x be (-15)/(-4)*t/39. Suppose -x = -2*u + 41. What is the units digit of u?
3
Suppose -5 = -5*u + 20. Suppose -2*v = -0*p - 3*p + 651, u*v - 672 = -3*p. What is the hundreds digit of p?
2
Let j be (-3 - -152) + (2 - 2) + -4. Let q = j + -2. What is the hundreds digit of q?
1
Let i be (-5)/((-15)/6) - -32. Let a = 10 + i. What is the units digit of a?
4
Suppose -2*f + f = -16. Let v(s) = s**3 - 16*s**2 + 8*s - 40. What is the units digit of v(f)?
8
What is the hundreds digit of (-377)/(-1) + 6/(2 + -4)?
3
Let z(j) = j + 18. Let x be z(-14). Suppose 319 = 5*s + x*k, 2*s - 138 = -0*s + k. What is the units digit of s?
7
Let m be 3128/24 - (-3 - (-30)/9). Let k = 220 - m. What is the tens digit of k?
9
Let j(m) = -m**3 - 9*m**2 - m - 3. Let h be j(-9). Suppose -h*o + 3*o - 45 = 0. Let l = 51 + o. What is the tens digit of l?
3
Let l(m) = m**3 - 9*m**2 - 7*m - 5. Let b be l(10). Let a = -17 + b. Let g(o) = 2*o**2 - 9*o - 8. What is the tens digit of g(a)?
4
Let t(h) = h**3 + 6*h**2 + 3*h - 9. Let r be t(-5). What is the units digit of 4/r*(-1776)/(-32)?
2
Suppose 8*b = 10*b - 886. What is the tens digit of b?
4
Let q(g) = -g**2 - 3*g - 7*g + 2*g + 4. Let p be q(-6). Suppose -5*m = s - 96, -2*m + 3*m + s - p = 0. What is the tens digit of m?
2
Let i = 18 + -14. Suppose 5*q = -2*k + 19, -4*q + 9 = i*k - 11. Let n(a) = 3*a + 1. What is the units digit of n(k)?
7
Let u(p) = -35*p + 2. Let d(b) = -b. Let y(o) = 6*d(o) + 2*u(o). What is the hundreds digit of y(-2)?
1
Let n(x) = -85*x**3 - 4*x**2 - 9*x - 2. What is the units digit of n(-2)?
0
Let r = -5222 + 8554. What is the thousands digit of r?
3
Suppose -3 = 2*j - 5*x, 2*x - 3 = 3*j + 7. Let v be j/10 - 127/(-5). Let o = v - 16. What is the units digit of o?
9
Let v = -41 + 48. Let k be 28/v + -2 + 4. What is the units digit of (-54)/(-45)*160/k?
2
Let t be (12/10)/(1/80). Let b = 137 - t. What is the units digit of b?
1
Suppose -177*u + 200*u = 80017. What is the thousands digit of u?
3
Let s = 18 - -19. What is the tens digit of s?
3
Let x(r) = r**2 - 2*r + 2. Suppose -2*o + 3*o - 3 = 0. Suppose -2*w - o = -11. What is the tens digit of x(w)?
1
Suppose -3*j - 2*q = -2150, j - 365 - 347 = -3*q. What is the tens digit of j?
1
Let h(x) = x - 9. Let g be h(7). Let w = g - -10. Suppose -w*u - 52 = -12*u. What is the tens digit of u?
1
Let s(d) = -47*d - 8. What is the hundreds digit of s(-9)?
4
Suppose -3*l + 2*b + 6 = 0, b = 4*l - 3 - 0. Let z be 66/22*(-26)/(-3). Suppose -5*c = -w - z, -2*w + 3*w - 4 = l. What is the units digit of c?
6
Suppose 432*d = 2*n + 433*d - 1780, -2*n = -d - 1776. What is the tens digit of n?
8
Suppose 10 = -5*p - 5*n, -5*p + 2*n - 69 + 24 = 0. Let j(g) = g + 1. Let m(v) = v. Let s(y) = 4*j(y) - 5*m(y). What is the tens digit of s(p)?
1
Let j(o) be the third derivative of -o**4/6 - 2*o**3/3 + 66*o**2. Let c(l) = -3*l + 4. Let z be c(3). What is the tens digit of j(z)?
1
Let t be -3 + (-413)/(-49) + 6/(-14). Suppose -1589 + 564 = -t*p. What is the tens digit of p?
0
Let w be 366/9 - (4/(-6))/2. Let o = 57 - w. What is the tens digit of o?
1
Let k = 2133 - 1145. What is the tens digit of k?
8
Suppose 20*s - 7*s = -26. What is the units digit of s/7*-198 + 4/(-7)?
6
Suppose 5*d = n - 2, 13 - 1 = -2*n + 2*d. What is the units digit of 2*n/(16/(-39))?
9
Suppose 3*r + 2*u - 1283 = 0, 2*u - 463 = -r - 42. What is 